(l) = -8*l**3 - 8*l**2 + 21*l + 41. Is u(-8) a composite number?
False
Suppose 0 = 179*i - 185*i + 635142. Is i prime?
False
Suppose 3*j - 49 - 140 = -5*d, 0 = -d + 3*j + 27. Is 14/63 - (-45964)/d prime?
True
Let a = 52 + -51. Let w be (10 + -9)*(4/2 - a). Is 1731 - w/(-2)*(8 + -4) a composite number?
False
Suppose -13*v + 9*v + 632 = 0. Let z = v - 270. Let u = 267 - z. Is u a prime number?
True
Suppose 2521833 = 21*x - 5966395 + 1198981. Is x prime?
False
Let d(y) = -26*y - 106. Let l be d(-20). Suppose -l*h + 33890 = -404*h. Is h composite?
False
Is 32/(-48) - (-9946760)/30 prime?
False
Is 245/70*173108/14 composite?
True
Suppose -2*g - 3*g = -20. Suppose 2*m = -4*z + 1346, g*m + 0*z = -4*z + 2692. Is m a prime number?
True
Suppose 27*i - 18146221 = 8886746. Is i a prime number?
False
Is 92733*((-2)/(-1) + -3)/(-3) a composite number?
False
Suppose -5*x + 821427 = 27*k - 25*k, -3*k = -2*x + 328586. Is x prime?
False
Is -11 + (62181 - 4) - 10/(-2 - 0) composite?
False
Is -3 + 744050 + 18 + (-6)/(-1) a composite number?
False
Let r(i) = 366245*i**2 + 121*i - 123. Is r(1) a prime number?
False
Let r(v) = -6032*v + 2123. Is r(-15) composite?
True
Suppose -125*s + 37953252 = 41*s - 58*s. Is s a composite number?
True
Let q(z) = -15*z - 26. Let j be q(5). Let s = 103 + j. Suppose 5538 = 8*y - s*y. Is y a prime number?
False
Let f(q) = q**3 + 18*q**2 + 2*q + 11. Let x(w) = -32 - 2*w + 7*w - 6*w + 3*w. Let u be x(12). Is f(u) a prime number?
False
Suppose -1180 = -4*z + 144. Suppose -2497 + z = -3*a. Let u = a - 401. Is u a composite number?
True
Suppose -6*q - 27254 = -3*x - 4*q, -18196 = -2*x - 4*q. Suppose -2422 = -10*i + x. Is i a composite number?
False
Let w be 0 + -2 + 4 - -2. Is (w + -9 - -2214) + -6 a prime number?
True
Let p = 339 + -334. Suppose -3*g = 19*x - 16*x - 35553, -5*g - 59295 = -p*x. Is x prime?
False
Suppose -35*p + 27424526 = -113789. Is p a composite number?
True
Suppose 17*v - 6*v = 88. Suppose 3*b = -v*b + 6963. Is b a composite number?
True
Suppose -3070 + 706 = -p. Suppose -4*v - p = -2*f, 0 = -3*f + 4*v - 2*v + 3554. Suppose 0 = -7*z + 9*z - f. Is z prime?
True
Let y(f) = -8788*f - 3545. Is y(-13) a composite number?
True
Suppose u - 50083 - 152568 = 0. Is u a composite number?
True
Suppose -100*m + 13454 - 96870 = -108*m. Is m a prime number?
True
Let y(u) = u**2 - 18*u - 14. Let a be y(19). Suppose a*w + 1597 + 2813 = 5*j, -w - 3543 = -4*j. Is j prime?
True
Let i(w) = w**3 + 3*w**2 + 8*w + 11. Let z be i(-2). Is (-2)/(-8)*4919*(3 - z) a prime number?
True
Let u = 168057 - 3614. Is u a composite number?
False
Let c(r) = r**2 + r. Let n be c(3). Suppose -8 = -4*i + n. Suppose -51 + 6 = -i*m. Is m prime?
False
Let x(m) = -593*m - 9. Let q be x(-5). Suppose 29*p - 36571 = q. Is p a prime number?
False
Let y be 2/(-6) + 56256/18. Suppose 8 = -3*f - f. Is y/35 + f/7 composite?
False
Suppose 4*p = -i - 4, 0 = -3*i - 3*p + 2 - 23. Let l be (-5706)/(-24)*i/(-6). Let y = 900 - l. Is y prime?
False
Is (478966/(-5))/((-100)/250) a prime number?
False
Let a(x) = x**3 + 7*x**2 + 12*x + 10. Let c be a(-5). Suppose 5*q - 8373 + 2683 = c. Is q composite?
True
Suppose 0 = -2*s - 5*j + 5, -5 = -5*j. Suppose -3*k - 56 + 62 = s. Is (222/(-9))/((-7)/(147/k)) a prime number?
False
Let a(h) = 10*h**2 + 8*h**2 - 6*h - 11*h**2 - 51 + 12*h**2 + 0*h**2. Is a(-7) a composite number?
True
Suppose 36*s - 80927 = 84169. Suppose -4*k + 4491 = 3*c - s, 2*k = 10. Is c prime?
True
Let g be 8/(-28) + (-23)/(-7) + -1. Let y(f) = g*f + 6*f + 9*f**2 - 5*f + 1. Is y(-5) prime?
True
Let y(q) = 28769*q**2 - 3*q - 1. Is y(-1) composite?
False
Suppose -1359263 = -5*w + 108*t - 106*t, -4*w + 1087388 = 4*t. Is w a composite number?
True
Suppose 13*v - 59158 - 135306 = 30709. Is v prime?
True
Let g be 154338/(-12)*(6 + -4). Let s = -11102 - g. Is s a composite number?
False
Let o(d) = d**2 - 2*d - 5. Suppose -3*a + t + 21 = -2*t, 3*a + 2*t = 16. Let p be o(a). Suppose 15*u + 3676 = p*u. Is u composite?
False
Suppose 5*b - 73287 = -2*y + 114125, -13*y + 1218007 = 4*b. Is y prime?
False
Let u(m) = m**2 - 10*m + 19. Let n be u(9). Let c = n - 5. Suppose 606 + 209 = c*p. Is p a prime number?
True
Let a = 10 + -7. Suppose 3*n = 9, -w - 4*n + 5 = -a*n. Suppose -797 = w*o - 3*o. Is o a composite number?
False
Let r = -1464 + 6131. Let t = r - 3318. Is t prime?
False
Let o(p) = -8*p + p**2 - 3*p + 0*p - 22 + 18*p**2. Let v be o(14). Suppose 44*x = 46*x - v. Is x a composite number?
True
Suppose -3*m + 8*o - 9*o + 38 = 0, 0 = -3*m + 5*o + 26. Suppose m*w + 1250739 = 75*w. Is w a prime number?
True
Let l = -82 + 84. Let d(y) = -y**3 + 2*y**2 + y + 2. Let q be d(l). Suppose -q*x + 2*z = -2156, -1698 + 63 = -3*x - 3*z. Is x prime?
True
Suppose -4*h = -h + 8*h - 7470353. Is h a prime number?
True
Suppose 2*x - 402437 = -4*a + 373093, -5*x - 4*a = -1938849. Is x prime?
False
Let r = 54550 + -29607. Is r a prime number?
True
Let r = -14986 + 33987. Is r a composite number?
False
Let q(a) = -a**2 - 11*a - 13. Let n be q(-9). Suppose n*p - 499 - 306 = 0. Suppose 6*y = 229 + p. Is y a prime number?
False
Is 56/(-28) - 122588/(-3) - (-3)/9 a composite number?
True
Let v(k) = 2*k**2 - 2*k. Let i be v(-2). Let p be (-8)/6*(185/(-10) - -17) + -2. Suppose p = -i*w + 11990 - 3626. Is w composite?
True
Suppose 0*k + 24 = 2*b + 3*k, 10 = -5*k. Let s(g) = g**2 + g. Let x(i) = i**3 - 18*i**2 + 14*i + 8. Let y(c) = 5*s(c) + x(c). Is y(b) a prime number?
True
Let b = 433 - 436. Let v(f) = -27*f**3 + 2*f**2 - 4*f - 6. Is v(b) a composite number?
True
Let s = 843587 + 119972. Is s a composite number?
False
Let z be ((-169008)/(-144))/(2/96). Let h = z + -6493. Is h a prime number?
True
Let s = -29 - -29. Let d = 3 - s. Suppose -6*p = -d*p - 951. Is p composite?
False
Suppose 4*t + 4*v - 15914048 = 0, -4187060 = -8*t - 2*v + 27641054. Is t a composite number?
True
Is (-6)/(-81) - 129618700/(-2700) prime?
False
Let y(r) = -r**2 + 8*r + 17. Suppose d - 29 = 3*c, -2*c + 4*d = 2*d + 26. Let m be y(c). Let z = m + 208. Is z composite?
False
Let d(c) = 1142*c**3 - 12*c**2 + 2*c + 29. Is d(5) composite?
True
Let w = 211151 + -26158. Is w prime?
True
Let w(s) = -s**2 + 1. Let z(c) = 61*c**2 + c + 23. Let l(b) = 4*w(b) + z(b). Is l(4) a prime number?
False
Let z(v) = 208*v**2 - 91*v + 44. Is z(-7) prime?
False
Let o = -20956 - -30879. Is o a composite number?
False
Suppose 37*k - 42*k + 98395 = -2*u, -2*u = -10. Is k composite?
False
Let c = 1218 + -1243. Let f be (1689/6)/((-1)/2). Let m = c - f. Is m a prime number?
False
Let b = 218 - 219. Is (-7526180)/(-434) - -3*b/7 a composite number?
False
Let i(j) = 1168*j**2 + 119*j + 653. Is i(-18) prime?
False
Is 16/(-10) - (43526327/(-65))/23 prime?
False
Let x(l) = 2*l**2 + 7*l + 1. Let v be x(-11). Suppose 2*d + 4*q - 52 = 0, v - 47 = 5*d - q. Is (22456/10 - d/40)*1 a prime number?
False
Is (-49285908)/(-70) + 1 - 6/(-10) composite?
True
Suppose 0 = -2*n - 0*n - 10, 2*q + 37057 = -5*n. Is ((2 + q)/(-2))/1 a prime number?
True
Is (-1949)/((-11)/(968/8)) a prime number?
False
Let z(d) = -41*d**2 + 1892*d + 27. Is z(26) a composite number?
False
Let u(s) = -59*s**3 - 13*s**2 - 15*s + 6. Let l be u(-8). Suppose 0 = 10*f + f - l. Suppose 10*d = -572 + f. Is d a prime number?
True
Suppose 69*l = -33*l + 93911298. Is l a prime number?
False
Suppose 5*h - 27452 = -2*l, 3*l - h + 22938 = 64082. Suppose -l = 5*f + 10624. Let b = -3471 - f. Is b a composite number?
True
Suppose -79*k - 43*k + 27*k = -5139215. Is k a composite number?
True
Let c(m) = 11*m + 70. Let r be c(-6). Let k(g) = 77*g**3 - 15*g**2 + 30*g - 10. Is k(r) a composite number?
True
Suppose 23*q - 1055781 = 80626. Is q a prime number?
True
Suppose 3*n + 411 = -198. Is 398*(n/(-14) - 3) prime?
False
Let y be (2 + 435)/(12/1596). Let t = -39694 + y. Is t a prime number?
True
Suppose 0 = -2*i - 11*i - 7046. Let h = 1101 - i. Is h composite?
True
Let m(v) = -25*v + 35. Let h(x) = 49*x - 70. Suppose 0 = 5*g + 3*g - 24. Let l(n) = g*h(n) + 5*m(n). Is l(16) prime?
True
Let s(y) = 2957*y**2 + 19*y + 71. Is s(-3) a prime number?
True
Let h(m) = -m + 1. Let v(g) = 3*g**2 + 5*g - 1. Let z(f) = -3*h(f) - v(f). Let s be z(-1). Let a(b) = 226*b**2 - 6*b + 1. Is a(s) a prime number?
True
Let k = -62 + 65. Suppos